prime factors of 1676242118?
2, 2029, 413071
What are the prime factors of 2273037930?
2, 3, 5, 8418659
What are the prime factors of 6202607?
19, 29, 11257
List the prime factors of 1801406856.
2, 3, 75058619
What are the prime factors of 39867988?
2, 9966997
What are the prime factors of 670853057?
7, 821, 116731
List the prime factors of 55672164.
2, 3, 59, 8737
What are the prime factors of 892048604?
2, 223012151
List the prime factors of 21836865.
3, 5, 31, 151, 311
What are the prime factors of 403015034?
2, 829, 243073
What are the prime factors of 337764758?
2, 168882379
What are the prime factors of 35436743?
227, 156109
What are the prime factors of 950917799?
13, 73147523
List the prime factors of 241366483.
241366483
What are the prime factors of 1845616382?
2, 922808191
List the prime factors of 94579559.
97, 181, 5387
List the prime factors of 4205793760.
2, 5, 7, 59, 63647
List the prime factors of 21793596.
2, 3, 11, 165103
What are the prime factors of 279700549?
2647, 105667
List the prime factors of 3432909144.
2, 3, 7, 17, 1201999
What are the prime factors of 80570487?
3, 1153, 23293
List the prime factors of 169793028.
2, 3, 29, 103, 1579
List the prime factors of 32519738.
2, 59, 275591
What are the prime factors of 1470943224?
2, 3, 17, 41, 29311
What are the prime factors of 44168003?
11, 4015273
What are the prime factors of 679039495?
5, 29, 61, 76771
List the prime factors of 633441134.
2, 571, 554677
List the prime factors of 365036108.
2, 29, 3146863
What are the prime factors of 7326734?
2, 29, 126323
What are the prime factors of 7586984?
2, 541, 1753
List the prime factors of 21214375.
5, 7, 13, 373
What are the prime factors of 967448039?
1993, 485423
List the prime factors of 236675429.
236675429
What are the prime factors of 67265438?
2, 33632719
What are the prime factors of 8732056502?
2, 13, 31, 401, 27017
List the prime factors of 330203036.
2, 17, 859, 5653
What are the prime factors of 651463819?
651463819
What are the prime factors of 12156088?
2, 7, 17, 113
List the prime factors of 123600631.
7, 11, 401, 4003
List the prime factors of 360622036.
2, 90155509
List the prime factors of 33643749.
3, 263, 42641
What are the prime factors of 14220575?
5, 568823
List the prime factors of 90166975.
5, 3606679
List the prime factors of 3903952.
2, 13, 137
List the prime factors of 19003460.
2, 5, 7, 149, 911
List the prime factors of 63848136.
2, 3, 11, 73, 3313
List the prime factors of 52265639.
52265639
What are the prime factors of 170138208?
2, 3, 1772273
List the prime factors of 227885788.
2, 13, 4382419
What are the prime factors of 468134198?
2, 7, 19, 281, 6263
What are the prime factors of 615529143?
3, 4591, 14897
List the prime factors of 1824673754.
2, 912336877
List the prime factors of 2567401374.
2, 3, 1733, 246913
List the prime factors of 193601281.
23, 743, 11329
What are the prime factors of 21672742?
2, 7, 13, 193, 617
What are the prime factors of 474357893?
151, 3141443
What are the prime factors of 561286?
2, 11, 31, 823
List the prime factors of 1635351006.
2, 3, 17, 29, 1913
List the prime factors of 1646218220.
2, 5, 82310911
List the prime factors of 2752425411.
3, 113, 131, 61979
What are the prime factors of 5400016476?
2, 3, 17, 167, 158507
List the prime factors of 39756074.
2, 31, 641227
List the prime factors of 829718343.
3, 30730309
List the prime factors of 2699182169.
2699182169
List the prime factors of 17987272.
2, 277, 8117
List the prime factors of 3353922970.
2, 5, 335392297
What are the prime factors of 82282226?
2, 13, 59, 53639
List the prime factors of 3505940611.
3505940611
List the prime factors of 82177177.
107, 191, 4021
List the prime factors of 294018636.
2, 3, 24501553
What are the prime factors of 72268632?
2, 3, 17, 19681
List the prime factors of 367525106.
2, 13, 373, 37897
List the prime factors of 61591079.
11, 23, 31, 7853
What are the prime factors of 160584266?
2, 80292133
What are the prime factors of 4446508281?
3, 23, 31, 2078779
What are the prime factors of 5423869388?
2, 7, 509, 54367
What are the prime factors of 298108222?
2, 2447, 60913
What are the prime factors of 7325411225?
5, 11, 26637859
List the prime factors of 425722936.
2, 83, 367, 1747
List the prime factors of 150328407.
3, 50109469
What are the prime factors of 2242524118?
2, 1121262059
List the prime factors of 3846306333.
3, 1282102111
What are the prime factors of 906932469?
3, 302310823
List the prime factors of 51224222.
2, 7, 3658873
What are the prime factors of 102280565?
5, 20456113
What are the prime factors of 14401897?
14401897
What are the prime factors of 64976250?
2, 3, 5, 17327
List the prime factors of 545117773.
53, 547, 18803
List the prime factors of 541779889.
7, 19, 67, 163, 373
What are the prime factors of 19424586?
2, 3, 3237431
List the prime factors of 1210216596.
2, 3, 43, 659, 3559
List the prime factors of 567241953.
3, 189080651
List the prime factors of 3235188530.
2, 5, 7, 4637, 9967
What are the prime factors of 7713494231?
53, 145537627
List the prime factors of 77149062.
2, 3, 4286059
List the prime factors of 3277943595.
3, 5, 72843191
List the prime factors of 46579615.
5, 59, 157897
What are the prime factors of 110457204?
2, 3, 11, 13, 59, 1091
List the prime factors of 649952365.
5, 1193, 108961
What are the prime factors of 849474851?
47, 18073933
What are the prime factors of 172424667?
3, 57474889
List the prime factors of 1287912060.
2, 3, 5, 7155067
What are the prime factors of 3130605819?
3, 11, 31622281
What are the prime factors of 153263020?
2, 5, 281, 27271
List the prime factors of 1289202863.
13, 99169451
List the prime factors of 392092561.
7, 127, 9001
What are the prime factors of 411125200?
2, 5, 547, 1879
List the prime factors of 211017376.
2, 149, 44257
What are the prime factors of 253452244?
2, 63363061
What are the prime factors of 6873319485?
3, 5, 157, 972869
What are the prime factors of 23696472?
2, 3, 987353
What are the prime factors of 2696355052?
2, 157, 4293559
What are the prime factors of 1152163266?
2, 3, 192027211
List the prime factors of 166738465.
5, 17, 37, 53017
What are the prime factors of 84658?
2, 7, 6047
What are the prime factors of 534699966?
2, 3, 31, 79, 36389
What are the prime factors of 7264255542?
2, 3, 12613, 95989
What are the prime factors of 258956838?
2, 3, 7, 25373
What are the prime factors of 38206492?
2, 19, 502717
List the prime factors of 3736955313.
3, 7, 13, 113, 149, 271
What are the prime factors of 633942772?
2, 10039, 15787
List the prime factors of 5758503508.
2, 19, 1019, 74357
What are the prime factors of 439141783?
23, 2309, 8269
What are the prime factors of 2076167632?
2, 7, 11, 240743
What are the prime factors of 9882335?
5, 31, 103, 619
What are the prime factors of 15548391?
3, 23, 31, 2423
What are the prime factors of 216664240?
2, 5, 13, 181, 1151
What are the prime factors of 6206882087?
7, 17, 47, 158537
List the prime factors of 31740480.
2, 3, 5, 103, 107
List the prime factors of 217394389.
6899, 31511
What are the prime factors of 38200975?
5, 29, 52691
List the prime factors of 30084096.
2, 3, 7, 1399
What are the prime factors of 662538542?
2, 307, 1079053
List the prime factors of 3944999954.
2, 7, 59, 4776029
What are the prime factors of 82287009?
3, 7, 103, 1409
List the prime factors of 48602534.
2, 37, 656791
List the prime factors of 1337805300.
2, 3, 5, 13, 37, 73, 127
What are the prime factors of 3502415?
5, 7, 100069
List the prime factors of 5213078165.
5, 19, 54874507
List the prime factors of 34302808.
2, 4287851
List the prime factors of 160946909.
160946909
What are the prime factors of 42750184?
2, 5343773
What are the prime factors of 124918287?
3, 13, 953, 3361
What are the prime factors of 243289713?
3, 81096571
What are the prime factors of 67300635?
3, 5, 293, 15313
What are the prime factors of 650042741?
41, 457, 34693
List the prime factors of 31926700.
2, 5, 13, 41, 599
What are the prime factors of 88699751?
7, 1810199
What are the prime factors of 1101724000?
2, 5, 13, 21187
What are the prime factors of 20154383?
19, 313, 3389
List the prime factors of 836854201.
167, 1061, 4723
List the prime factors of 809